common divisor of 32766 and 1194282.
258
Calculate the highest common factor of 2716 and 28058996.
2716
What is the greatest common factor of 1030005 and 399735?
2115
Calculate the greatest common divisor of 2 and 124834634.
2
What is the highest common factor of 480812677 and 92?
23
Calculate the greatest common divisor of 4476 and 316284.
12
Calculate the greatest common divisor of 4 and 229878412.
4
What is the greatest common divisor of 108093824 and 16?
16
What is the highest common factor of 439023 and 2301?
39
Calculate the highest common factor of 9820343 and 52.
13
What is the highest common divisor of 3271893 and 4757?
71
Calculate the greatest common factor of 2576 and 164592.
16
Calculate the greatest common divisor of 2520 and 1062530.
70
What is the greatest common divisor of 54 and 63269100?
54
What is the greatest common factor of 2296170 and 6138?
558
What is the highest common divisor of 1704061 and 587?
587
Calculate the greatest common factor of 1461968 and 592.
16
Calculate the highest common divisor of 5722 and 208323715.
2861
What is the highest common divisor of 93456 and 66924?
396
Calculate the highest common factor of 63116794 and 26.
26
What is the highest common factor of 51 and 21986491?
17
What is the highest common divisor of 2 and 1227701?
1
Calculate the greatest common divisor of 117 and 19709469.
117
Calculate the greatest common divisor of 4803480 and 55656.
72
Calculate the greatest common factor of 26182192 and 8.
8
Calculate the highest common factor of 1263390 and 67505.
115
What is the greatest common divisor of 279544 and 1472237?
421
Calculate the greatest common factor of 14 and 792160285.
7
What is the greatest common divisor of 800 and 307113320?
40
What is the greatest common factor of 592638 and 204?
6
What is the greatest common divisor of 36275 and 16316495?
7255
Calculate the greatest common divisor of 2848 and 186336808.
712
Calculate the highest common divisor of 11033 and 93449.
17
Calculate the highest common factor of 27421567 and 3173.
167
Calculate the greatest common divisor of 29811010 and 1460.
730
What is the highest common divisor of 7857 and 726336?
873
Calculate the greatest common factor of 385494 and 7614.
282
Calculate the greatest common factor of 2391792 and 1872.
624
What is the highest common factor of 29728768 and 64?
64
What is the highest common divisor of 1808 and 1774100?
452
What is the greatest common factor of 102 and 18279879?
51
Calculate the greatest common divisor of 30 and 3863085.
15
What is the highest common divisor of 100 and 18372600?
100
Calculate the greatest common factor of 12384 and 44393184.
288
Calculate the highest common divisor of 520 and 19675240.
520
What is the highest common divisor of 41323588 and 278?
278
Calculate the greatest common divisor of 17 and 28790843.
17
What is the highest common divisor of 457548 and 77?
7
What is the greatest common factor of 23 and 4835359?
23
What is the greatest common factor of 1580191613 and 11?
11
What is the greatest common factor of 110223 and 244089?
333
What is the greatest common divisor of 2487 and 12871883?
829
Calculate the greatest common divisor of 3653 and 964329899.
3653
Calculate the greatest common factor of 1403088 and 47760.
48
Calculate the greatest common divisor of 3270 and 185974710.
3270
What is the greatest common divisor of 47519 and 274683?
1159
What is the highest common factor of 326 and 65088182?
326
Calculate the greatest common factor of 1687286943 and 131.
131
Calculate the highest common divisor of 700640 and 15520.
160
Calculate the greatest common factor of 595 and 43181705.
35
Calculate the highest common factor of 5510506 and 8971152.
12058
What is the greatest common divisor of 8568684 and 36?
36
What is the highest common factor of 2189348 and 448?
28
Calculate the greatest common divisor of 309 and 30740659.
103
What is the greatest common divisor of 507557982 and 4465?
893
What is the greatest common divisor of 2887388 and 162004?
404
What is the greatest common divisor of 105840 and 54640?
80
What is the highest common divisor of 37352183 and 66?
11
Calculate the highest common divisor of 21826844 and 884.
884
Calculate the highest common factor of 15129971 and 362.
181
Calculate the highest common divisor of 352555 and 605.
5
Calculate the highest common divisor of 48099678 and 22507.
317
Calculate the highest common divisor of 3779095 and 35230.
1355
Calculate the highest common factor of 5307672 and 4488.
408
Calculate the greatest common factor of 10096307 and 51285.
3419
What is the highest common factor of 51205460 and 620?
20
Calculate the highest common divisor of 49532 and 4292.
116
What is the greatest common factor of 419771160 and 10480?
5240
Calculate the greatest common divisor of 13451269 and 346.
173
What is the greatest common divisor of 85368518 and 29?
29
Calculate the greatest common divisor of 55 and 1346445.
5
Calculate the greatest common factor of 60207 and 9305436.
987
What is the highest common factor of 638 and 18656?
22
Calculate the greatest common factor of 2621720 and 1120.
40
What is the highest common divisor of 80212 and 1045?
11
Calculate the highest common factor of 21432125 and 68016.
1417
Calculate the highest common divisor of 103186132 and 28.
28
Calculate the highest common factor of 30006 and 46686002.
3334
What is the greatest common divisor of 17751681 and 81?
9
Calculate the greatest common divisor of 346507 and 6608.
413
What is the highest common factor of 32179715 and 535?
535
What is the highest common factor of 74 and 309002984?
74
What is the greatest common divisor of 271747989 and 9?
9
Calculate the highest common divisor of 5346 and 910800.
198
What is the highest common divisor of 8820 and 74513565?
2205
Calculate the highest common divisor of 325336 and 93544.
88
Calculate the greatest common divisor of 2911685 and 70.
35
Calculate the greatest common divisor of 391 and 85599675.
391
Calculate the greatest common divisor of 17496 and 201528.
648
Calculate the highest common factor of 329978 and 7612.
22
What is the highest common divisor of 19281991 and 109?
109
What is the highest common divisor of 6950 and 12159720?
1390
Calculate the greatest common divisor of 304 and 13898348.
76
Calculate the highest common factor of 132613650 and 1560.
390
Calculate the greatest common factor of 213878957 and 23523.
7841
What is the greatest common factor of 27978882 and 5994?
222
What is the highest common divisor of 1343101 and 1002745?
251
What is the greatest common divisor of 852 and 2504784?
12
What is the highest common divisor of 2140 and 11370460?
20
Calculate the greatest common divisor of 100 and 3909820.
20
What is the greatest common factor of 52 and 46262996?
52
What is the highest common divisor of 208 and 8958274?
26
Calculate the greatest common factor of 19575 and 10564236.
783
Calculate the highest common factor of 4463789 and 209.
11
Calculate the highest common factor of 532 and 72310.
14
Calculate the highest common divisor of 2244975 and 430125.
2775
What is the greatest common divisor of 588 and 19895244?
12
What is the greatest common divisor of 1817 and 10134989?
79
What is the highest common divisor of 279 and 5511552?
93
What is the highest common divisor of 55 and 12600115?
55
What is the greatest common factor of 89659050 and 1560?
390
What is the highest common factor of 646 and 266427519?
323
Calculate the greatest common factor of 10129 and 425999.
7
What is the greatest common divisor of 7630554 and 12?
6
What is the highest common divisor of 27 and 147486231?
27
Calculate the highest common factor of 142154422 and 856.
214
Calculate the highest common divisor of 147981 and 11525.
461
What is the highest common divisor of 4 and 319411?
1
Calculate the highest common factor of 943 and 2270698.
23
Calculate the greatest common divisor of 130950092 and 91.
91
What is the highest common divisor of 93798 and 1078110?
162
Calculate the highest common factor of 27 and 219711.
3
What is the greatest common divisor of 5166 and 3350151?
2583
Calculate the highest common factor of 15194727 and 1494.
747
What is the greatest common factor of 4530060 and 31860?
540
What is the greatest common 